e tens digit of d?
7
Suppose 0 = 11*f - f - 250. Let d = 22 - f. What is the hundreds digit of 234/21*(17 + d)?
1
What is the tens digit of 2/(20/(-130)) + 20711/1?
9
Let d be (-36)/(-6) - (2 - 1). Suppose 170 = d*c - 15*c. Let h = c + 21. What is the units digit of h?
4
Suppose 0 = -13*o + 49 + 94. Suppose -o*u - 14266 = -25*u. What is the units digit of u?
9
Let y = -230 + 353. Let z be (0 - -16)/((-4)/16). Let q = z + y. What is the units digit of q?
9
Let v be (1 - (-2)/(-3)) + (-348)/18. Let h = v + 28. Suppose -h*t = -5*t - 780. What is the units digit of t?
5
What is the thousands digit of (770/28 - 11)*328?
5
Suppose -3*t + 7*t = -h - 14, 5*h = -4*t - 6. Suppose h*w = 3*w - 528. What is the units digit of w?
8
Suppose 4*w = -m + 12760, 6*w - 5*m = 8*w - 6362. What is the hundreds digit of w?
1
Suppose -1056 = 66*n - 70*n + 4*a, a + 525 = 2*n. What is the units digit of n?
1
Let n be 6/(-21) + 90/21. Suppose 6*j + r = 2*j + 21, 5*j + n*r = 29. Suppose 0 = -3*k - j*x - 0*x + 574, -2*x + 190 = k. What is the tens digit of k?
9
Suppose 1 = 5*v + 4*s - 5*s, 4*s + 4 = 5*v. Suppose -5*j - 2*y + 0*y + 2099 = 0, v = -3*j + y + 1266. What is the units digit of j?
1
Let f be (22 + 33)/(1/139). Suppose f - 1009 = 14*x. What is the tens digit of x?
7
Suppose 0 = -5*n - 5*w + 3260, -3*n + 4*w + 1040 = -895. Suppose -24*x + 34849 = n. What is the hundreds digit of x?
4
Suppose 2*v - 3*u = 2*u + 94, -5*v + 5*u + 265 = 0. Let f be 7/3*v - 3/1. Suppose -4*y + 4*q + 226 = -f, y + 3*q = 89. What is the tens digit of y?
8
Suppose -4*j - 3*o = -49, -5*o - 126 = -5*j - 21. Suppose -7*t + 5*t = -j. Suppose -4*x - 104 = -3*k, t = k + 3*x - 5. What is the units digit of k?
8
Suppose 37*k - 5*k = 19*k + 84136. What is the hundreds digit of k?
4
Suppose 0 = 5*p + d - 16954, -p + 3*d + 2801 = -593. What is the tens digit of p?
9
Suppose -b - 3*v + 3 = 0, 2*b + v + 3 = -1. Let l be (-128)/(-60) - (-6)/(-45) - b. Suppose 56 = -l*m + 336. What is the units digit of m?
6
What is the ten thousands digit of ((-1379220)/44 - (-2)/(-154)*7)/(-2)?
1
Let j(z) = 4*z + 142. Let w(c) = -c**3 + 7*c**2 + 2*c - 54. Let t be w(6). What is the hundreds digit of j(t)?
1
Suppose -27 + 324 = 9*q. Suppose -57 = -5*h + q. What is the units digit of h?
8
Suppose 97*f - 4*f = 12*f + 104085. What is the thousands digit of f?
1
Let y(m) = 9*m + 29. Suppose -21 = -3*c + 2*p + p, 4*c = p + 19. Suppose -3 = w, 3*f - 2 = c*f + 3*w. What is the tens digit of y(f)?
9
What is the hundreds digit of (117/(-12))/((-6)/51056) + (-234)/(-39)?
9
Let g = 44549 - 24331. What is the tens digit of g?
1
Let y = -177 - 10. Let g be (-2*1)/((-5)/(6285/(-6))). Let m = y - g. What is the hundreds digit of m?
2
Let j = -9602 + 19382. What is the units digit of j?
0
Let d(y) = 2*y**2 - 19*y - 6. Let m be d(10). Suppose 0 = 3*i + 12, -2*q + m*q + 3*i = -20. What is the hundreds digit of 226 + 3 - (1 + -1 + q)?
2
Let v = 147 + -142. Suppose -i + 25 = 3*y, 0 = 2*y + 2*i - v - 5. What is the units digit of y?
0
Let b(j) = -229*j - 735. What is the hundreds digit of b(-55)?
8
Let n be -1*(-4)/4 - 1. Suppose -j - 127 = -d, 0 = j - n*j + 5. What is the units digit of d?
2
Suppose -41 = -3*d + 2*r, -3*d + r + 56 = 10. Suppose -d - 4 = -7*u. Suppose l - 108 = -4*k, -u*l + 104 = 4*k - l. What is the units digit of k?
8
Let l(c) = 16*c**3 - 2*c**2 + 5*c - 5. Let s be l(2). Let j = s - 122. Suppose -j*x - 33 = -u, 5*x + 77 = 4*u - 20. What is the tens digit of u?
1
Let k be (-6 - 8)/(8/188). Let r = 1899 + k. What is the units digit of r?
0
Let v be -61 - (-7 - 45/(-5)). Let b = v - -120. What is the tens digit of b?
5
Let i(h) = h**2 + 4*h - 11. Let z be i(-7). Let o(q) = -q**3 + 14*q**2 - 2*q + 21. What is the units digit of o(z)?
1
Let m(n) = 113*n**2 + 3*n - 2. Let u be m(3). Let d be 2/((-4)/(-2))*(-418 + 432). Suppose 10*k - d*k = -u. What is the units digit of k?
6
Let u = 38 - 19. Suppose -3*v = 5*q - 30, 2*q - u + 8 = -v. Suppose -2*f + 3*c = -2*c - 98, -4*c = v*f - 278. What is the units digit of f?
4
Suppose -5*y - 20 = 0, 0*g - 3*g + y = -10. Suppose 19*h - 14028 = -g*h. What is the units digit of h?
8
Let t = -9509 + 27186. What is the ten thousands digit of t?
1
Let k = 270 + -376. Let v = k - -1040. What is the tens digit of v?
3
Let y be 11/(22/(-28)) + 3. Let r(j) = j**2 + 13*j + 27. Let v be r(y). Suppose d + a = 3, v*a + 39 = -2*d + 6*d. What is the units digit of d?
6
Let x(g) be the first derivative of -25*g**3 + 7*g + 12*g**3 + 18 + 14*g**3 - 5*g**2. What is the tens digit of x(9)?
6
Let q(z) = -z**2 + 33*z + 49. Suppose 0 = 2*s + 71 - 105. What is the units digit of q(s)?
1
Let l(r) = 22*r**2 + 13*r - 41. What is the tens digit of l(-15)?
1
Let p(u) = -4*u - 3. Let h be p(12). Let o = -49 - h. Suppose r - 21 = 4*j + 66, -154 = -2*r - o*j. What is the units digit of r?
9
Suppose x + 939 = j, -x - 1539 = -2*j + 341. What is the tens digit of j?
4
Let n = 9143 - -725. Suppose 18*p - n = 21992. What is the units digit of p?
0
Suppose 0 = 5*u + j + j - 3342, u - 686 = 4*j. Suppose -2*f - 2*f + 2*l = -u, 0 = 3*f - l - 503. Suppose 0 = 7*s - 3*s - f. What is the units digit of s?
2
Let c(j) = j**3 - 3*j**2 + 1. Let q be 2 + (-18)/8 - 54/8. Let h be (-14)/(-6) + q/(84/(-8)). What is the units digit of c(h)?
1
Let u(m) = -m**3 + 2*m**2 - 15*m - 35. What is the tens digit of u(-18)?
1
Let z(d) = -38*d - 23. Let j(u) = -306 - 386*u - 259*u - 84. Let p(l) = -2*j(l) + 35*z(l). What is the hundreds digit of p(-5)?
1
What is the units digit of (999/(-3))/(-3)*(125 + -30)?
5
Let a(l) = 17707*l**2 - 25*l - 27. What is the thousands digit of a(-1)?
7
Suppose 4*a + 39 = -25. Let f be (-2)/4 - (-184)/a. What is the tens digit of 76 - (-9)/f*4?
7
Let j(a) = 9 + 50*a + 49*a + 23 - 82*a. What is the tens digit of j(16)?
0
Let y(q) = -11*q + 57. Let k be y(5). Suppose 0 = 5*r + 2*w - 116 - 391, 0 = -k*r + 5*w + 226. What is the hundreds digit of r?
1
Let j(p) = 19*p - 21. Let w be j(-6). Let v = 338 + w. What is the tens digit of v?
0
Let x be (-12)/((-990)/141 - -7). Let b = 747 + x. What is the units digit of b?
1
Suppose 0 = -67*l + 40*l + 79*l - 1619072. What is the ten thousands digit of l?
3
Let h = -412 - -412. Suppose 8*b - 3588 - 2108 = h. What is the tens digit of b?
1
Let v(i) = 2*i**3 - 21*i**2 - 11*i + 3. Let z be v(11). Suppose z*f + m = 4592, -884 = -f - 3*m + 644. What is the units digit of f?
1
Suppose -64 = -b - 3*b. Suppose 7*x + b = 15*x. Suppose 636 = 8*c - x*c. What is the units digit of c?
6
Let n(v) = 10909*v**2 - 19*v - 17. What is the tens digit of n(-1)?
1
What is the units digit of -20 - -36 - 8 - (0 + -8373)?
1
Let g(b) = b**2 + 15*b - 1. Suppose 0 = 4*t + 4*f + 5 + 47, 0 = 2*t + 5*f + 26. Let k = -30 - t. What is the tens digit of g(k)?
3
Suppose 20*l + 29*l - 709479 - 1694412 = 0. What is the ten thousands digit of l?
4
Let a(z) = 5*z**2 - 15*z - 3. Let h(k) = -k - 1. Let o(p) = a(p) - 3*h(p). What is the units digit of o(9)?
7
Suppose q + 17 + 15 = 0. Let g = q - -49. Suppose -g - 14 = -5*x - 4*y, -26 = -2*x - 5*y. What is the units digit of x?
3
Let y(o) = 19*o**3 + 3*o - 18*o**3 - 6*o**2 + 53 + 0*o**3. What is the units digit of y(8)?
5
Let q(i) = -i**2 - 39*i - 72. Let r be 16/(-2)*(-6 + 10). What is the tens digit of q(r)?
5
Suppose -3*w = p - 2870, -183*p + 188*p = w - 930. What is the units digit of w?
5
Let z be 4/6*-698*9/12. Let x = z - -700. What is the units digit of x?
1
Let r(w) = -w + 14. Let u be r(-6). Let a(j) = -j**3 + 24*j**2 - 59*j + 12. What is the units digit of a(u)?
2
Suppose 0 = -243*a + 275*a - 240704. What is the hundreds digit of a?
5
What is the hundreds digit of -3*(-2729)/4*49/((-2646)/(-576))?
8
Let w = 4041 - -1561. What is the hundreds digit of w?
6
Suppose -3*w - 51 = 3*r - 6*r, -5*w - 9 = -r. Let m = 58 + r. What is the units digit of m?
7
Suppose 97*a - 1831060 = -19*a. What is the tens digit of a?
8
Let s(g) = -65*g**3 + 2*g**2 - 10*g - 16. What is the units digit of s(-4)?
6
Let o = -31 - -31. Suppose o = 5*a + 5*a - 1080. What is the tens digit of a?
0
Let x = 41 - 7. Let u(r) = 12*r**2 + x*r + 6 - 75*r + 42*r. What is the units digit of u(-2)?
2
Suppose 14*o - 144704 = -20*o. What is the tens digit of o?
5
Let a(i) be the second derivative of i**5/20